ivided by 485?
20
Calculate the remainder when 22530 is divided by 131.
129
Calculate the remainder when 430700 is divided by 215346.
8
What is the remainder when 13047 is divided by 12822?
225
What is the remainder when 109450 is divided by 436?
14
What is the remainder when 7807 is divided by 27?
4
What is the remainder when 1316 is divided by 265?
256
What is the remainder when 2817 is divided by 2792?
25
What is the remainder when 1522806 is divided by 13?
12
Calculate the remainder when 281992 is divided by 44.
40
Calculate the remainder when 2562 is divided by 569.
286
Calculate the remainder when 3560 is divided by 1533.
494
Calculate the remainder when 2084 is divided by 94.
16
What is the remainder when 13155 is divided by 624?
51
Calculate the remainder when 62070 is divided by 130.
60
Calculate the remainder when 363 is divided by 134.
95
What is the remainder when 1150 is divided by 291?
277
Calculate the remainder when 24647 is divided by 1062.
221
What is the remainder when 4211 is divided by 4162?
49
What is the remainder when 107466 is divided by 39?
21
What is the remainder when 11895 is divided by 2700?
1095
Calculate the remainder when 32204 is divided by 230.
4
Calculate the remainder when 257934 is divided by 10747.
6
What is the remainder when 940 is divided by 836?
104
Calculate the remainder when 12913 is divided by 370.
333
Calculate the remainder when 5023 is divided by 1657.
52
Calculate the remainder when 2258 is divided by 470.
378
What is the remainder when 107262 is divided by 484?
298
Calculate the remainder when 16937 is divided by 287.
4
What is the remainder when 9196 is divided by 32?
12
What is the remainder when 58119 is divided by 57744?
375
Calculate the remainder when 20044 is divided by 89.
19
What is the remainder when 52663 is divided by 228?
223
What is the remainder when 202 is divided by 46?
18
What is the remainder when 3827 is divided by 213?
206
What is the remainder when 1485 is divided by 185?
5
What is the remainder when 17698 is divided by 579?
328
Calculate the remainder when 128976 is divided by 17.
14
Calculate the remainder when 6744 is divided by 2000.
744
Calculate the remainder when 5264 is divided by 582.
26
What is the remainder when 11764 is divided by 49?
4
Calculate the remainder when 24244 is divided by 1632.
1396
Calculate the remainder when 3680 is divided by 1185.
125
Calculate the remainder when 3208 is divided by 133.
16
Calculate the remainder when 2252 is divided by 30.
2
Calculate the remainder when 193765 is divided by 132.
121
Calculate the remainder when 45587 is divided by 17.
10
Calculate the remainder when 2490 is divided by 828.
6
What is the remainder when 181209 is divided by 90592?
25
What is the remainder when 13313 is divided by 12?
5
Calculate the remainder when 52917 is divided by 696.
21
What is the remainder when 2677 is divided by 478?
287
What is the remainder when 91766 is divided by 22935?
26
What is the remainder when 683547 is divided by 45569?
12
What is the remainder when 59845 is divided by 9947?
163
What is the remainder when 63373 is divided by 16?
13
What is the remainder when 3353 is divided by 391?
225
Calculate the remainder when 83299 is divided by 1367.
1279
What is the remainder when 1740 is divided by 90?
30
Calculate the remainder when 5998 is divided by 545.
3
Calculate the remainder when 9568 is divided by 126.
118
What is the remainder when 775256 is divided by 258410?
26
Calculate the remainder when 26217 is divided by 285.
282
Calculate the remainder when 13260 is divided by 702.
624
What is the remainder when 14374 is divided by 114?
10
Calculate the remainder when 19213 is divided by 3836.
33
What is the remainder when 32564 is divided by 561?
26
Calculate the remainder when 163326 is divided by 128.
126
Calculate the remainder when 17429 is divided by 23.
18
Calculate the remainder when 10528 is divided by 225.
178
Calculate the remainder when 7148 is divided by 1261.
843
Calculate the remainder when 1833297 is divided by 293.
289
Calculate the remainder when 2167 is divided by 1916.
251
What is the remainder when 1030 is divided by 61?
54
What is the remainder when 639647 is divided by 288?
287
Calculate the remainder when 10418 is divided by 171.
158
Calculate the remainder when 2463 is divided by 85.
83
Calculate the remainder when 43552 is divided by 1451.
22
Calculate the remainder when 5631 is divided by 1180.
911
Calculate the remainder when 53938 is divided by 17939.
121
Calculate the remainder when 1879 is divided by 20.
19
What is the remainder when 3087 is divided by 31?
18
Calculate the remainder when 1420317 is divided by 236719.
3
What is the remainder when 428867 is divided by 108?
107
Calculate the remainder when 344334 is divided by 68866.
4
What is the remainder when 3030 is divided by 2750?
280
Calculate the remainder when 9878 is divided by 241.
238
Calculate the remainder when 576 is divided by 253.
70
What is the remainder when 349 is divided by 56?
13
What is the remainder when 2865 is divided by 57?
15
Calculate the remainder when 16069 is divided by 5352.
13
Calculate the remainder when 5732 is divided by 5671.
61
Calculate the remainder when 155098 is divided by 165.
163
What is the remainder when 113471 is divided by 155?
11
Calculate the remainder when 97500 is divided by 33.
18
Calculate the remainder when 15338 is divided by 80.
58
Calculate the remainder when 1591852 is divided by 172.
164
Calculate the remainder when 15452 is divided by 1929.
20
What is the remainder when 6117 is divided by 90?
87
What is the remainder when 67552 is divided by 76?
64
Calculate the remainder when 43581 is divided by 10888.
29
What is the remainder when 91909 is divided by 159?
7
What is the remainder when 38959 is divided by 7785?
34
Calculate the remainder when 1269 is divided by 12.
9
What is the remainder when 14410 is divided by 570?
160
What is the remainder when 4778 is divided by 16?
10
What is the remainder when 5702 is divided by 792?
158
What is the remainder when 6044 is divided by 216?
212
What is the remainder when 187611 is divided by 54?
15
Calculate the remainder when 698280 is divided by 527.
5
What is the remainder when 449978 is divided by 302?
300
Calculate the remainder when 1282716 is divided by 28.
8
Calculate the remainder when 7059 is divided by 2295.
174
Calculate the remainder when 191127 is divided by 191125.
2
What is the remainder when 15699 is divided by 869?
57
Calculate the remainder when 32769 is divided by 74.
61
Calculate the remainder when 4388 is divided by 165.
98
Calculate the remainder when 4236 is divided by 1365.
141
Calculate the remainder when 268 is divided by 46.
38
Calculate the remainder when 1388532 is divided by 15.
12
What is the remainder when 21815 is divided by 7130?
425
Calculate the remainder when 207058 is divided by 105.
103
Calculate the remainder when 91471 is divided by 190.
81
What is the remainder when 94170 is divided by 193?
179
Calculate the remainder when 1458 is divided by 50.
8
What is the remainder when 4159 is divided by 3143?
1016
Calculate the remainder when 315582 is divided by 514.
500
What is the remainder when 193 is divided by 145?
48
Calculate the remainder when 44477 is divided by 1012.
961
Calculate the remainder when 1591 is divided by 498.
97
Calculate the remainder when 72632 is divided by 184.
136
What is the remainder when 3450 is divided by 1828?
1622
Calculate the remainder when 233543 is divided by 233485.
58
What is the remainder when 31371 is divided by 54?
51
Calculate the remainder when 16672248 is divided by 1361.
1359
What is the remainder when 36937 is divided by 2052?
1
What is the remainder when 1065 is divided by 1028?
37
What is the remainder when 4707 is divided by 826?
577
Calculate the remainder when 4424 is divided by 409.
334
Calculate the remainder when 14922 is divided by 6537.
1848
Calculate the remainder when 38011 is divided by 16.
11
What is the remainder when 12587 is divided by 6292?
3
Calculate the remainder when 3601187 is divided by 1749.
1745
What is the remainder when 1362 is divided by 337?
14
What is the remainder when 83339 is divided by 41666?
7
Calculate the remainder when 4491 is divid